{"id":2,"date":"2013-03-20T02:13:22","date_gmt":"2013-03-20T02:13:22","guid":{"rendered":"http:\/\/www.corpomax.com\/blog\/?page_id=2"},"modified":"2013-08-11T22:28:05","modified_gmt":"2013-08-12T02:28:05","slug":"presentation","status":"publish","type":"page","link":"https:\/\/www.corpomax.com\/blog\/presentation\/","title":{"rendered":"Pr\u00e9sentation"},"content":{"rendered":"<div id=\"attachment_861\" style=\"width: 310px\" class=\"wp-caption alignright\"><a href=\"https:\/\/i0.wp.com\/www.corpomax.com\/blog\/wp-content\/uploads\/2013\/06\/P191-300x240.jpg\"><img data-recalc-dims=\"1\" loading=\"lazy\" decoding=\"async\" aria-describedby=\"caption-attachment-861\" class=\"size-full wp-image-861 \" title=\"Vincent Allard\" alt=\"Vincent Allard\" src=\"https:\/\/i0.wp.com\/www.corpomax.com\/blog\/wp-content\/uploads\/2013\/06\/P191-300x240.jpg?resize=300%2C240\" width=\"300\" height=\"240\" \/><\/a><p id=\"caption-attachment-861\" class=\"wp-caption-text\">Vincent Allard<\/p><\/div>\n<p>Bonjour et bienvenue sur le blog CorpoMax!<\/p>\n<p>Je me pr\u00e9sente: Vincent Allard.<\/p>\n<p>Avocat d&rsquo;affaires depuis plus de 30 ans. Entrepreneur depuis encore plus longtemps.<\/p>\n<p>En 2001,\u00a0 j&rsquo;ai fond\u00e9 <a title=\"Site web de CorpoMax\" href=\"http:\/\/www.corpomax.com\" target=\"_blank\">CorpoMax Inc.<\/a>, une soci\u00e9t\u00e9 bas\u00e9e \u00e0 Newark, au Delaware. CorpoMax offre des services corporatifs am\u00e9ricains \u00e0 une client\u00e8le principalement francophone, situ\u00e9e dans plus de 50 pays \u00e0 travers le monde.<\/p>\n<p>Depuis sa fondation, CorpoMax a aid\u00e9 des milliers de gens d&rsquo;affaires d\u00e9sireux de vivre leur r\u00eave am\u00e9ricain.<\/p>\n<p>Ce que je d\u00e9sire, c&rsquo;est partager avec vous une multitude d&rsquo;exp\u00e9riences que nos clients et moi-m\u00eame avons v\u00e9cues et continuons de vivre au pays de l&rsquo;oncle Sam. Exp\u00e9riences autant personnelles que professionnelles.<\/p>\n<p>Ce que je d\u00e9sire aussi, c&rsquo;est que vous \u00e9changiez avec les participants de ce blog et moi-m\u00eame. Que vous donniez votre propre point de vue. Que vous partagiez votre exp\u00e9rience ou celle des membres de votre r\u00e9seau. Votre contribution enrichira ce blog et profitera \u00e0 toutes les personnes int\u00e9ress\u00e9es par l&rsquo;aventure am\u00e9ricaine.<\/p>\n<p>Bien entendu, je ne peux pas vous donner de conseils juridiques. Chaque situation est diff\u00e9rente et m\u00e9rite un examen professionnel minutieux. Je m&rsquo;adresse \u00e0 vous plut\u00f4t en tant qu&rsquo;entrepreneur, qui continue chaque jour d&rsquo;en apprendre un peu plus sur les \u00c9tats-Unis et sur ses innombrables facettes.<\/p>\n<p>Plusieurs des articles du blog CorpoMax visent \u00e0 vous renseigner. D&rsquo;autres \u00e0 vous faire sourire. Certains \u00e0 pousser votre r\u00e9flexion. Mais absolument tous \u00e0 vous convaincre que le blog CorpoMax est un endroit o\u00f9 il fait bon apprendre et \u00e9changer sur le grand r\u00eave am\u00e9ricain.<\/p>\n<p>Merci de lire, merci d&rsquo;\u00e9crire, merci de partager.<\/p>\n<p>Vincent Allard<\/p>\n\n<p>&nbsp;<\/p>\n","protected":false},"excerpt":{"rendered":"<p>Bonjour et bienvenue sur le blog CorpoMax! Je me pr\u00e9sente: Vincent Allard. Avocat d&rsquo;affaires depuis plus de 30 ans. Entrepreneur depuis encore plus longtemps. En 2001,\u00a0 j&rsquo;ai fond\u00e9 CorpoMax Inc., une soci\u00e9t\u00e9 bas\u00e9e \u00e0 Newark, au Delaware. CorpoMax offre des services corporatifs am\u00e9ricains \u00e0 une client\u00e8le principalement francophone, situ\u00e9e dans plus de 50 pays \u00e0<span class=\"continue-reading\"> <a href=\"https:\/\/www.corpomax.com\/blog\/presentation\/\">Lire la suite >><\/a><\/span><\/p>\n<a href=\"https:\/\/www.corpomax.com\/blog\/presentation\/\">Lire la suite...<\/a>","protected":false},"author":1,"featured_media":0,"parent":0,"menu_order":0,"comment_status":"closed","ping_status":"open","template":"","meta":{"footnotes":""},"class_list":["post-2","page","type-page","status-publish","hentry"],"jetpack_sharing_enabled":true,"_links":{"self":[{"href":"https:\/\/www.corpomax.com\/blog\/wp-json\/wp\/v2\/pages\/2","targetHints":{"allow":["GET"]}}],"collection":[{"href":"https:\/\/www.corpomax.com\/blog\/wp-json\/wp\/v2\/pages"}],"about":[{"href":"https:\/\/www.corpomax.com\/blog\/wp-json\/wp\/v2\/types\/page"}],"author":[{"embeddable":true,"href":"https:\/\/www.corpomax.com\/blog\/wp-json\/wp\/v2\/users\/1"}],"replies":[{"embeddable":true,"href":"https:\/\/www.corpomax.com\/blog\/wp-json\/wp\/v2\/comments?post=2"}],"version-history":[{"count":0,"href":"https:\/\/www.corpomax.com\/blog\/wp-json\/wp\/v2\/pages\/2\/revisions"}],"wp:attachment":[{"href":"https:\/\/www.corpomax.com\/blog\/wp-json\/wp\/v2\/media?parent=2"}],"curies":[{"name":"wp","href":"https:\/\/api.w.org\/{rel}","templated":true}]}}